{"id":4347,"date":"2025-06-12T13:16:20","date_gmt":"2025-06-12T13:16:20","guid":{"rendered":"https:\/\/adesivi-tastiera.matehub.it\/?page_id=4347"},"modified":"2025-06-12T13:33:07","modified_gmt":"2025-06-12T13:33:07","slug":"costi-e-modalita-di-spedizione","status":"publish","type":"page","link":"https:\/\/adesivi-tastiera.matehub.it\/index.php\/costi-e-modalita-di-spedizione\/","title":{"rendered":"Costi e modalit\u00e0 di spedizione"},"content":{"rendered":"\t\t<div data-elementor-type=\"wp-page\" data-elementor-id=\"4347\" class=\"elementor elementor-4347\">\n\t\t\t\t<div class=\"elementor-element elementor-element-d4f62fc e-flex e-con-boxed e-con e-parent\" data-id=\"d4f62fc\" data-element_type=\"container\">\n\t\t\t\t\t<div class=\"e-con-inner\">\n\t\t\t\t<div class=\"elementor-element elementor-element-55c6dda elementor-widget elementor-widget-heading\" data-id=\"55c6dda\" data-element_type=\"widget\" data-widget_type=\"heading.default\">\n\t\t\t\t<div class=\"elementor-widget-container\">\n\t\t\t\t\t<h2 class=\"elementor-heading-title elementor-size-default\">DOCUMENTAZIONE<\/h2>\t\t\t\t<\/div>\n\t\t\t\t<\/div>\n\t\t\t\t<div class=\"elementor-element elementor-element-3f2235f elementor-widget elementor-widget-heading\" data-id=\"3f2235f\" data-element_type=\"widget\" data-widget_type=\"heading.default\">\n\t\t\t\t<div class=\"elementor-widget-container\">\n\t\t\t\t\t<h1 class=\"elementor-heading-title elementor-size-default\">Costi e modalit\u00e0 di spedizione<\/h1>\t\t\t\t<\/div>\n\t\t\t\t<\/div>\n\t\t\t\t<div class=\"elementor-element elementor-element-073df94 elementor-widget elementor-widget-text-editor\" data-id=\"073df94\" data-element_type=\"widget\" data-widget_type=\"text-editor.default\">\n\t\t\t\t<div class=\"elementor-widget-container\">\n\t\t\t\t\t\t\t\t\t<p><strong>Tempi di Evasione dell&#8217;Ordine<\/strong><br \/>Gli ordini sono spediti tramite Poste Italiane al ricevimento del vostro pagamento il giorno lavorativo successivo al vostro ordine (a patto che il carico di lavoro sia nella normalit\u00e0), in rari casi pu\u00f2 capitare che il nostro carico di lavoro sia molto alto e le operazioni di spedizione potrebbero subire un leggero ritardo, ovviamente in questo caso prima di effettuare l&#8217;ordine sarete automaticamente avvisati.<br \/>Per &#8220;tempi di evasione dell&#8217;ordine&#8221; si intende l&#8217;intervallo di tempo che trascorre dalla ricezione dell&#8217;ordine alla consegna del prodotto al nostro spedizionere.<br \/>I tempi di consegna della merce ordinata sono indicativi e sono indicati nell&#8217;apposita tabella alla voce &#8220;tempi di consegna indicativi&#8221;; gli stessi potranno subire variazioni per cause di forza maggiore o a causa delle condizioni di traffico, viabilit\u00e0 in genere o per atto dell&#8217;Autorit\u00e0.<br \/>La consegna da parte del vettore scelto, salvo diverso accordo tra le parti, avverr\u00e0 nei seguenti orari: dalle ore 9.00 alle ore 13.00 e dalle 14.00 alle 18.00, di tutti i giorni, non festivi, dal luned\u00ec al venerd\u00ec.<br \/>Nessuna responsabilit\u00e0 pu\u00f2 essere imputata a\u00a0adesivitastiera.it per eventuali ritardi nelle consegne, essendo queste esclusivamente gestite dai vettori.<\/p><p><strong>Tipologie di Spedizione<\/strong><br \/>Sono disponibili\u00a0tre\u00a0modalit\u00e0 di spedizione con\u00a0Poste Italiane:<\/p><ul><li>Posta Prioritaria, 3-7 giorni lavorativi, in rari casi anche 20, NON TRACCIABILE<\/li><li>posta raccomandata,\u00a02-4 giorni lavorativi, TRACCIABILE<\/li><li>Posta Raccomandata 1, 24 ore TRACCIABILE<\/li><\/ul><p>In base al tipo di spedizione scelta, ti invieremo un link per controllare online il percorso del tuo pacco.<br \/>Le spese di spedizione comprendono le spese di imballaggio e di gestione dell&#8217;ordine. Ti consigliamo di raggruppare i tuoi articoli in un unico ordine. Non possiamo raggruppare due ordini distinti eseguiti separatamente, e ad ognuno di esso saranno applicate le spese di spedizione. Il tuo pacco sar\u00e0 inviato sotto la tua responsabilit\u00e0, ma un&#8217;attenzione particolare \u00e8 riservata agli oggetti fragili.<br \/>Le scatole\/pacchi hanno dimensioni ragionevoli e i tuoi articoli sono ben protetti da possibile urti e\/o cadute accidentali.<br \/>Tabella riepilogativa<br \/>Sar\u00e0 il sistema che individuer\u00e0 in automatico l&#8217;opzione di spedizione disponibile, durante il processo dell&#8217;ordine.<\/p>\t\t\t\t\t\t\t\t<\/div>\n\t\t\t\t<\/div>\n\t\t\t\t\t<\/div>\n\t\t\t\t<\/div>\n\t\t\t\t<\/div>\n\t\t","protected":false},"excerpt":{"rendered":"<p>DOCUMENTAZIONE Costi e modalit\u00e0 di spedizione Tempi di Evasione dell&#8217;OrdineGli ordini sono spediti tramite Poste Italiane al ricevimento del vostro pagamento il giorno lavorativo successivo al vostro ordine (a patto che il carico di lavoro sia nella normalit\u00e0), in rari casi pu\u00f2 capitare che il nostro carico di lavoro sia molto alto e le operazioni di spedizione potrebbero subire un leggero ritardo, ovviamente in questo caso prima di effettuare l&#8217;ordine sarete automaticamente avvisati.Per &#8220;tempi di evasione dell&#8217;ordine&#8221; si intende l&#8217;intervallo di tempo che trascorre dalla ricezione dell&#8217;ordine alla consegna del prodotto al nostro spedizionere.I tempi di consegna della merce ordinata sono indicativi e sono indicati nell&#8217;apposita tabella alla voce &#8220;tempi di consegna indicativi&#8221;; gli stessi potranno subire variazioni per cause di forza maggiore o a causa delle condizioni di traffico, viabilit\u00e0 in genere o per atto dell&#8217;Autorit\u00e0.La consegna da parte del vettore scelto, salvo diverso accordo tra le parti, avverr\u00e0 nei seguenti orari: dalle ore 9.00 alle ore 13.00 e dalle 14.00 alle 18.00, di tutti i giorni, non festivi, dal luned\u00ec al venerd\u00ec.Nessuna responsabilit\u00e0 pu\u00f2 essere imputata a\u00a0adesivitastiera.it per eventuali ritardi nelle consegne, essendo queste esclusivamente gestite dai vettori. Tipologie di SpedizioneSono disponibili\u00a0tre\u00a0modalit\u00e0 di spedizione con\u00a0Poste Italiane: Posta Prioritaria, 3-7 giorni lavorativi, in rari casi anche 20, NON TRACCIABILE posta raccomandata,\u00a02-4 giorni lavorativi, TRACCIABILE Posta Raccomandata 1, 24 ore TRACCIABILE In base al tipo di spedizione scelta, ti invieremo un link per controllare online il percorso del tuo pacco.Le spese di spedizione comprendono le spese di imballaggio e di gestione dell&#8217;ordine. Ti consigliamo di raggruppare i tuoi articoli in un unico ordine. Non possiamo raggruppare due ordini distinti eseguiti separatamente, e ad ognuno di esso saranno applicate le spese di spedizione. Il tuo pacco sar\u00e0 inviato sotto la tua responsabilit\u00e0, ma un&#8217;attenzione particolare \u00e8 riservata agli oggetti fragili.Le scatole\/pacchi hanno dimensioni ragionevoli e i tuoi articoli sono ben protetti da possibile urti e\/o cadute accidentali.Tabella riepilogativaSar\u00e0 il sistema che individuer\u00e0 in automatico l&#8217;opzione di spedizione disponibile, durante il processo dell&#8217;ordine.<\/p>\n","protected":false},"author":1,"featured_media":0,"parent":0,"menu_order":0,"comment_status":"closed","ping_status":"closed","template":"","meta":{"footnotes":""},"class_list":["post-4347","page","type-page","status-publish","hentry","post-no-thumbnail"],"yoast_head":"<!-- This site is optimized with the Yoast SEO plugin v25.3 - https:\/\/yoast.com\/wordpress\/plugins\/seo\/ -->\n<title>Costi e modalit\u00e0 di spedizione - Adesivi Tastiera<\/title>\n<meta name=\"robots\" content=\"index, follow, max-snippet:-1, max-image-preview:large, max-video-preview:-1\" \/>\n<link rel=\"canonical\" href=\"https:\/\/adesivi-tastiera.matehub.it\/index.php\/costi-e-modalita-di-spedizione\/\" \/>\n<meta property=\"og:locale\" content=\"it_IT\" \/>\n<meta property=\"og:type\" content=\"article\" \/>\n<meta property=\"og:title\" content=\"Costi e modalit\u00e0 di spedizione - Adesivi Tastiera\" \/>\n<meta property=\"og:description\" content=\"DOCUMENTAZIONE Costi e modalit\u00e0 di spedizione Tempi di Evasione dell&#8217;OrdineGli ordini sono spediti tramite Poste Italiane al ricevimento del vostro pagamento il giorno lavorativo successivo al vostro ordine (a patto che il carico di lavoro sia nella normalit\u00e0), in rari casi pu\u00f2 capitare che il nostro carico di lavoro sia molto alto e le operazioni di spedizione potrebbero subire un leggero ritardo, ovviamente in questo caso prima di effettuare l&#8217;ordine sarete automaticamente avvisati.Per &#8220;tempi di evasione dell&#8217;ordine&#8221; si intende l&#8217;intervallo di tempo che trascorre dalla ricezione dell&#8217;ordine alla consegna del prodotto al nostro spedizionere.I tempi di consegna della merce ordinata sono indicativi e sono indicati nell&#8217;apposita tabella alla voce &#8220;tempi di consegna indicativi&#8221;; gli stessi potranno subire variazioni per cause di forza maggiore o a causa delle condizioni di traffico, viabilit\u00e0 in genere o per atto dell&#8217;Autorit\u00e0.La consegna da parte del vettore scelto, salvo diverso accordo tra le parti, avverr\u00e0 nei seguenti orari: dalle ore 9.00 alle ore 13.00 e dalle 14.00 alle 18.00, di tutti i giorni, non festivi, dal luned\u00ec al venerd\u00ec.Nessuna responsabilit\u00e0 pu\u00f2 essere imputata a\u00a0adesivitastiera.it per eventuali ritardi nelle consegne, essendo queste esclusivamente gestite dai vettori. Tipologie di SpedizioneSono disponibili\u00a0tre\u00a0modalit\u00e0 di spedizione con\u00a0Poste Italiane: Posta Prioritaria, 3-7 giorni lavorativi, in rari casi anche 20, NON TRACCIABILE posta raccomandata,\u00a02-4 giorni lavorativi, TRACCIABILE Posta Raccomandata 1, 24 ore TRACCIABILE In base al tipo di spedizione scelta, ti invieremo un link per controllare online il percorso del tuo pacco.Le spese di spedizione comprendono le spese di imballaggio e di gestione dell&#8217;ordine. Ti consigliamo di raggruppare i tuoi articoli in un unico ordine. Non possiamo raggruppare due ordini distinti eseguiti separatamente, e ad ognuno di esso saranno applicate le spese di spedizione. Il tuo pacco sar\u00e0 inviato sotto la tua responsabilit\u00e0, ma un&#8217;attenzione particolare \u00e8 riservata agli oggetti fragili.Le scatole\/pacchi hanno dimensioni ragionevoli e i tuoi articoli sono ben protetti da possibile urti e\/o cadute accidentali.Tabella riepilogativaSar\u00e0 il sistema che individuer\u00e0 in automatico l&#8217;opzione di spedizione disponibile, durante il processo dell&#8217;ordine.\" \/>\n<meta property=\"og:url\" content=\"https:\/\/adesivi-tastiera.matehub.it\/index.php\/costi-e-modalita-di-spedizione\/\" \/>\n<meta property=\"og:site_name\" content=\"Adesivi Tastiera\" \/>\n<meta property=\"article:publisher\" content=\"https:\/\/www.facebook.com\/StickersLabSrl\" \/>\n<meta property=\"article:modified_time\" content=\"2025-06-12T13:33:07+00:00\" \/>\n<meta name=\"twitter:card\" content=\"summary_large_image\" \/>\n<meta name=\"twitter:label1\" content=\"Tempo di lettura stimato\" \/>\n\t<meta name=\"twitter:data1\" content=\"2 minuti\" \/>\n<script type=\"application\/ld+json\" class=\"yoast-schema-graph\">{\"@context\":\"https:\/\/schema.org\",\"@graph\":[{\"@type\":\"WebPage\",\"@id\":\"https:\/\/adesivi-tastiera.matehub.it\/index.php\/costi-e-modalita-di-spedizione\/\",\"url\":\"https:\/\/adesivi-tastiera.matehub.it\/index.php\/costi-e-modalita-di-spedizione\/\",\"name\":\"Costi e modalit\u00e0 di spedizione - Adesivi Tastiera\",\"isPartOf\":{\"@id\":\"https:\/\/adesivi-tastiera.matehub.it\/#website\"},\"datePublished\":\"2025-06-12T13:16:20+00:00\",\"dateModified\":\"2025-06-12T13:33:07+00:00\",\"breadcrumb\":{\"@id\":\"https:\/\/adesivi-tastiera.matehub.it\/index.php\/costi-e-modalita-di-spedizione\/#breadcrumb\"},\"inLanguage\":\"it-IT\",\"potentialAction\":[{\"@type\":\"ReadAction\",\"target\":[\"https:\/\/adesivi-tastiera.matehub.it\/index.php\/costi-e-modalita-di-spedizione\/\"]}]},{\"@type\":\"BreadcrumbList\",\"@id\":\"https:\/\/adesivi-tastiera.matehub.it\/index.php\/costi-e-modalita-di-spedizione\/#breadcrumb\",\"itemListElement\":[{\"@type\":\"ListItem\",\"position\":1,\"name\":\"Home\",\"item\":\"https:\/\/adesivi-tastiera.matehub.it\/\"},{\"@type\":\"ListItem\",\"position\":2,\"name\":\"Costi e modalit\u00e0 di spedizione\"}]},{\"@type\":\"WebSite\",\"@id\":\"https:\/\/adesivi-tastiera.matehub.it\/#website\",\"url\":\"https:\/\/adesivi-tastiera.matehub.it\/\",\"name\":\"AdesiviTastiera\",\"description\":\"\",\"publisher\":{\"@id\":\"https:\/\/adesivi-tastiera.matehub.it\/#organization\"},\"potentialAction\":[{\"@type\":\"SearchAction\",\"target\":{\"@type\":\"EntryPoint\",\"urlTemplate\":\"https:\/\/adesivi-tastiera.matehub.it\/?s={search_term_string}\"},\"query-input\":{\"@type\":\"PropertyValueSpecification\",\"valueRequired\":true,\"valueName\":\"search_term_string\"}}],\"inLanguage\":\"it-IT\"},{\"@type\":\"Organization\",\"@id\":\"https:\/\/adesivi-tastiera.matehub.it\/#organization\",\"name\":\"AdesiviTastiera\",\"url\":\"https:\/\/adesivi-tastiera.matehub.it\/\",\"logo\":{\"@type\":\"ImageObject\",\"inLanguage\":\"it-IT\",\"@id\":\"https:\/\/adesivi-tastiera.matehub.it\/#\/schema\/logo\/image\/\",\"url\":\"https:\/\/adesivi-tastiera.matehub.it\/wp-content\/uploads\/2025\/05\/Adesivi-Tastiera-TM.png\",\"contentUrl\":\"https:\/\/adesivi-tastiera.matehub.it\/wp-content\/uploads\/2025\/05\/Adesivi-Tastiera-TM.png\",\"width\":2000,\"height\":543,\"caption\":\"AdesiviTastiera\"},\"image\":{\"@id\":\"https:\/\/adesivi-tastiera.matehub.it\/#\/schema\/logo\/image\/\"},\"sameAs\":[\"https:\/\/www.facebook.com\/StickersLabSrl\",\"https:\/\/www.instagram.com\/stickerslab_srl\",\"https:\/\/www.youtube.com\/c\/stickerslab\",\"https:\/\/www.linkedin.com\/company\/stickerslab-srl\"]}]}<\/script>\n<!-- \/ Yoast SEO plugin. -->","yoast_head_json":{"title":"Costi e modalit\u00e0 di spedizione - Adesivi Tastiera","robots":{"index":"index","follow":"follow","max-snippet":"max-snippet:-1","max-image-preview":"max-image-preview:large","max-video-preview":"max-video-preview:-1"},"canonical":"https:\/\/adesivi-tastiera.matehub.it\/index.php\/costi-e-modalita-di-spedizione\/","og_locale":"it_IT","og_type":"article","og_title":"Costi e modalit\u00e0 di spedizione - Adesivi Tastiera","og_description":"DOCUMENTAZIONE Costi e modalit\u00e0 di spedizione Tempi di Evasione dell&#8217;OrdineGli ordini sono spediti tramite Poste Italiane al ricevimento del vostro pagamento il giorno lavorativo successivo al vostro ordine (a patto che il carico di lavoro sia nella normalit\u00e0), in rari casi pu\u00f2 capitare che il nostro carico di lavoro sia molto alto e le operazioni di spedizione potrebbero subire un leggero ritardo, ovviamente in questo caso prima di effettuare l&#8217;ordine sarete automaticamente avvisati.Per &#8220;tempi di evasione dell&#8217;ordine&#8221; si intende l&#8217;intervallo di tempo che trascorre dalla ricezione dell&#8217;ordine alla consegna del prodotto al nostro spedizionere.I tempi di consegna della merce ordinata sono indicativi e sono indicati nell&#8217;apposita tabella alla voce &#8220;tempi di consegna indicativi&#8221;; gli stessi potranno subire variazioni per cause di forza maggiore o a causa delle condizioni di traffico, viabilit\u00e0 in genere o per atto dell&#8217;Autorit\u00e0.La consegna da parte del vettore scelto, salvo diverso accordo tra le parti, avverr\u00e0 nei seguenti orari: dalle ore 9.00 alle ore 13.00 e dalle 14.00 alle 18.00, di tutti i giorni, non festivi, dal luned\u00ec al venerd\u00ec.Nessuna responsabilit\u00e0 pu\u00f2 essere imputata a\u00a0adesivitastiera.it per eventuali ritardi nelle consegne, essendo queste esclusivamente gestite dai vettori. Tipologie di SpedizioneSono disponibili\u00a0tre\u00a0modalit\u00e0 di spedizione con\u00a0Poste Italiane: Posta Prioritaria, 3-7 giorni lavorativi, in rari casi anche 20, NON TRACCIABILE posta raccomandata,\u00a02-4 giorni lavorativi, TRACCIABILE Posta Raccomandata 1, 24 ore TRACCIABILE In base al tipo di spedizione scelta, ti invieremo un link per controllare online il percorso del tuo pacco.Le spese di spedizione comprendono le spese di imballaggio e di gestione dell&#8217;ordine. Ti consigliamo di raggruppare i tuoi articoli in un unico ordine. Non possiamo raggruppare due ordini distinti eseguiti separatamente, e ad ognuno di esso saranno applicate le spese di spedizione. Il tuo pacco sar\u00e0 inviato sotto la tua responsabilit\u00e0, ma un&#8217;attenzione particolare \u00e8 riservata agli oggetti fragili.Le scatole\/pacchi hanno dimensioni ragionevoli e i tuoi articoli sono ben protetti da possibile urti e\/o cadute accidentali.Tabella riepilogativaSar\u00e0 il sistema che individuer\u00e0 in automatico l&#8217;opzione di spedizione disponibile, durante il processo dell&#8217;ordine.","og_url":"https:\/\/adesivi-tastiera.matehub.it\/index.php\/costi-e-modalita-di-spedizione\/","og_site_name":"Adesivi Tastiera","article_publisher":"https:\/\/www.facebook.com\/StickersLabSrl","article_modified_time":"2025-06-12T13:33:07+00:00","twitter_card":"summary_large_image","twitter_misc":{"Tempo di lettura stimato":"2 minuti"},"schema":{"@context":"https:\/\/schema.org","@graph":[{"@type":"WebPage","@id":"https:\/\/adesivi-tastiera.matehub.it\/index.php\/costi-e-modalita-di-spedizione\/","url":"https:\/\/adesivi-tastiera.matehub.it\/index.php\/costi-e-modalita-di-spedizione\/","name":"Costi e modalit\u00e0 di spedizione - Adesivi Tastiera","isPartOf":{"@id":"https:\/\/adesivi-tastiera.matehub.it\/#website"},"datePublished":"2025-06-12T13:16:20+00:00","dateModified":"2025-06-12T13:33:07+00:00","breadcrumb":{"@id":"https:\/\/adesivi-tastiera.matehub.it\/index.php\/costi-e-modalita-di-spedizione\/#breadcrumb"},"inLanguage":"it-IT","potentialAction":[{"@type":"ReadAction","target":["https:\/\/adesivi-tastiera.matehub.it\/index.php\/costi-e-modalita-di-spedizione\/"]}]},{"@type":"BreadcrumbList","@id":"https:\/\/adesivi-tastiera.matehub.it\/index.php\/costi-e-modalita-di-spedizione\/#breadcrumb","itemListElement":[{"@type":"ListItem","position":1,"name":"Home","item":"https:\/\/adesivi-tastiera.matehub.it\/"},{"@type":"ListItem","position":2,"name":"Costi e modalit\u00e0 di spedizione"}]},{"@type":"WebSite","@id":"https:\/\/adesivi-tastiera.matehub.it\/#website","url":"https:\/\/adesivi-tastiera.matehub.it\/","name":"AdesiviTastiera","description":"","publisher":{"@id":"https:\/\/adesivi-tastiera.matehub.it\/#organization"},"potentialAction":[{"@type":"SearchAction","target":{"@type":"EntryPoint","urlTemplate":"https:\/\/adesivi-tastiera.matehub.it\/?s={search_term_string}"},"query-input":{"@type":"PropertyValueSpecification","valueRequired":true,"valueName":"search_term_string"}}],"inLanguage":"it-IT"},{"@type":"Organization","@id":"https:\/\/adesivi-tastiera.matehub.it\/#organization","name":"AdesiviTastiera","url":"https:\/\/adesivi-tastiera.matehub.it\/","logo":{"@type":"ImageObject","inLanguage":"it-IT","@id":"https:\/\/adesivi-tastiera.matehub.it\/#\/schema\/logo\/image\/","url":"https:\/\/adesivi-tastiera.matehub.it\/wp-content\/uploads\/2025\/05\/Adesivi-Tastiera-TM.png","contentUrl":"https:\/\/adesivi-tastiera.matehub.it\/wp-content\/uploads\/2025\/05\/Adesivi-Tastiera-TM.png","width":2000,"height":543,"caption":"AdesiviTastiera"},"image":{"@id":"https:\/\/adesivi-tastiera.matehub.it\/#\/schema\/logo\/image\/"},"sameAs":["https:\/\/www.facebook.com\/StickersLabSrl","https:\/\/www.instagram.com\/stickerslab_srl","https:\/\/www.youtube.com\/c\/stickerslab","https:\/\/www.linkedin.com\/company\/stickerslab-srl"]}]}},"_links":{"self":[{"href":"https:\/\/adesivi-tastiera.matehub.it\/index.php\/wp-json\/wp\/v2\/pages\/4347","targetHints":{"allow":["GET"]}}],"collection":[{"href":"https:\/\/adesivi-tastiera.matehub.it\/index.php\/wp-json\/wp\/v2\/pages"}],"about":[{"href":"https:\/\/adesivi-tastiera.matehub.it\/index.php\/wp-json\/wp\/v2\/types\/page"}],"author":[{"embeddable":true,"href":"https:\/\/adesivi-tastiera.matehub.it\/index.php\/wp-json\/wp\/v2\/users\/1"}],"replies":[{"embeddable":true,"href":"https:\/\/adesivi-tastiera.matehub.it\/index.php\/wp-json\/wp\/v2\/comments?post=4347"}],"version-history":[{"count":7,"href":"https:\/\/adesivi-tastiera.matehub.it\/index.php\/wp-json\/wp\/v2\/pages\/4347\/revisions"}],"predecessor-version":[{"id":4365,"href":"https:\/\/adesivi-tastiera.matehub.it\/index.php\/wp-json\/wp\/v2\/pages\/4347\/revisions\/4365"}],"wp:attachment":[{"href":"https:\/\/adesivi-tastiera.matehub.it\/index.php\/wp-json\/wp\/v2\/media?parent=4347"}],"curies":[{"name":"wp","href":"https:\/\/api.w.org\/{rel}","templated":true}]}}