{"id":109,"date":"2025-05-14T09:32:06","date_gmt":"2025-05-14T09:32:06","guid":{"rendered":"https:\/\/adesivi-tastiera.matehub.it\/?post_type=product&#038;p=109"},"modified":"2025-05-28T07:38:15","modified_gmt":"2025-05-28T07:38:15","slug":"pellicola-protettiva-tastiera-macbook-pro-touch-bar-in-silicone","status":"publish","type":"product","link":"https:\/\/adesivi-tastiera.matehub.it\/index.php\/prodotto\/pellicola-protettiva-tastiera-macbook-pro-touch-bar-in-silicone\/","title":{"rendered":"Pellicola Protettiva Tastiera MacBook Pro Touch Bar in Silicone"},"content":{"rendered":"<div style=\"font-family: sans-serif; line-height: 1.6;\">\n<p>Pellicola copritastiera protettiva in silicone trasparente progettata specificamente per tastiera del MacBook Pro da 13\u201d e 15\u201d con Touch Bar. Realizzato per il layout italiano, protegge i tasti da polvere, liquidi e usura mantenendo la perfetta aderenza anche a MacBook chiuso. Inoltre, la pellicola protegge da impronte, abrasioni e sporco quotidiano, prolungando la vita del dispositivo in modo efficace. \u00c8 ideale anche per tastiere wireless UK e UE. Un accessorio indispensabile per chi desidera praticit\u00e0, protezione e silenziosit\u00e0 nella digitazione, sia in ambienti professionali che domestici.<\/p>\n<h4><strong>Caratteristiche Principali<\/strong><\/h4>\n<ul>\n<li>Materiale: silicone trasparente di alta qualit\u00e0<\/li>\n<li>Compatibile con layout italiano (tasto Invio verticale)<\/li>\n<li>Protegge da liquidi, polvere, graffi e sporco<\/li>\n<li>Rivestimento antiaderente per digitazione fluida e confortevole<\/li>\n<li>Fustellata e pronta all\u2019uso \u2013 perfetta aderenza ai tasti<\/li>\n<li>Riduce il rumore \u2013 ideale per biblioteche, aule, ambienti silenziosi<\/li>\n<li>Lavabile a mano e riutilizzabile<\/li>\n<li>Resta stabile anche a MacBook chiuso<\/li>\n<\/ul>\n<h4><strong>Dettagli Tecnici<\/strong><\/h4>\n<ul>\n<li>Modelli compatibili: MacBook Pro 13\u201d e 15\u201d con Touch Bar \u2013 A1706, A1707<\/li>\n<li>Modelli Apple: MNQF2LL\/A, MLVP2LL\/A<\/li>\n<li>Colore: trasparente (vari colori selezionabili nel men\u00f9)<\/li>\n<li>Rilascio Apple: ottobre 2016<\/li>\n<li>Compatibile anche con tastiere wireless UK e UE<\/li>\n<\/ul>\n<h4><strong>Utilizzi Consigliati<\/strong><\/h4>\n<ul>\n<li>Protezione quotidiana della tastiera da usura e liquidi<\/li>\n<li>Ideale per studenti, professionisti, uffici e ambienti condivisi<\/li>\n<li>Perfetta per mantenere la tastiera come nuova nel tempo<\/li>\n<\/ul>\n<h4><strong>Sconti per Quantit\u00e0<\/strong><\/h4>\n<table style=\"width: 100%; border-collapse: collapse; font-family: sans-serif; text-align: center; box-shadow: 0 0 0 1px #e0e0e0; border-radius: 25px; overflow: hidden;\">\n<thead>\n<tr style=\"background-color: #008080; color: white;\">\n<th style=\"border: 1px solid #ddd; padding: 8px;\">Quantit\u00e0<\/th>\n<th style=\"border: 1px solid #ddd; padding: 8px;\">Sconto<\/th>\n<th style=\"border: 1px solid #ddd; padding: 8px;\">Risparmio<\/th>\n<\/tr>\n<\/thead>\n<tbody>\n<tr>\n<td style=\"border: 1px solid #ddd; padding: 8px;\">5<\/td>\n<td style=\"border: 1px solid #ddd; padding: 8px;\">10%<\/td>\n<td style=\"border: 1px solid #ddd; padding: 8px;\">7,48 \u20ac<\/td>\n<\/tr>\n<tr>\n<td style=\"border: 1px solid #ddd; padding: 8px;\">10<\/td>\n<td style=\"border: 1px solid #ddd; padding: 8px;\">20%<\/td>\n<td style=\"border: 1px solid #ddd; padding: 8px;\">29,90 \u20ac<\/td>\n<\/tr>\n<tr>\n<td style=\"border: 1px solid #ddd; padding: 8px;\">25<\/td>\n<td style=\"border: 1px solid #ddd; padding: 8px;\">30%<\/td>\n<td style=\"border: 1px solid #ddd; padding: 8px;\">112,13 \u20ac<\/td>\n<\/tr>\n<tr>\n<td style=\"border: 1px solid #ddd; padding: 8px;\">50<\/td>\n<td style=\"border: 1px solid #ddd; padding: 8px;\">40%<\/td>\n<td style=\"border: 1px solid #ddd; padding: 8px;\">299,00 \u20ac<\/td>\n<\/tr>\n<tr>\n<td style=\"border: 1px solid #ddd; padding: 8px;\">100<\/td>\n<td style=\"border: 1px solid #ddd; padding: 8px;\">50%<\/td>\n<td style=\"border: 1px solid #ddd; padding: 8px;\">747,50 \u20ac<\/td>\n<\/tr>\n<tr>\n<td style=\"border: 1px solid #ddd; padding: 8px;\">250<\/td>\n<td style=\"border: 1px solid #ddd; padding: 8px;\">60%<\/td>\n<td style=\"border: 1px solid #ddd; padding: 8px;\">2.242,50 \u20ac<\/td>\n<\/tr>\n<tr>\n<td style=\"border: 1px solid #ddd; padding: 8px;\">500<\/td>\n<td style=\"border: 1px solid #ddd; padding: 8px;\">70%<\/td>\n<td style=\"border: 1px solid #ddd; padding: 8px;\">5.232,50 \u20ac<\/td>\n<\/tr>\n<\/tbody>\n<\/table>\n<h4><strong>Perch\u00e9 Sceglierla<\/strong><\/h4>\n<p>Questa pellicola protettiva \u00e8 la soluzione ideale per chi desidera proteggere in modo discreto ed efficace la tastiera del proprio MacBook Pro. Il silicone di qualit\u00e0 e il design sagomato assicurano protezione e comfort senza rinunciare all\u2019estetica del dispositivo. Inoltre, \u00e8 perfetta per prolungare la durata dei tasti e semplificare la manutenzione quotidiana. Un accessorio intelligente, lavabile e durevole.<\/p>\n<\/div>\n","protected":false},"excerpt":{"rendered":"<div style=\"font-family: sans-serif; line-height: 1.6;\">\n<p style=\"margin: 0 0 0.5em 0;\">\u2022 Copritastiera trasparente in silicone per MacBook Pro 13&#8243;\/15\u201d con Touch Bar<\/p>\n<p style=\"margin: 0 0 0.5em 0;\">\u2022 Compatibile con layout italiano (tasto Invio verticale)<\/p>\n<p style=\"margin: 0 0 0.5em 0;\">\u2022 Protegge da liquidi, polvere e graffi \u2013 perfetta aderenza e stabilit\u00e0<\/p>\n<p style=\"margin: 0 0 0.5em 0;\">\u2022 Riduce il rumore, lavabile e riutilizzabile<\/p>\n<p style=\"margin: 0;\">\u2022 Ideale per studenti, uffici e ambienti condivisi \u2013 compatibile anche con tastiere wireless UE\/UK<\/p>\n<\/div>\n","protected":false},"featured_media":110,"comment_status":"closed","ping_status":"closed","template":"","meta":[],"product_brand":[88,86],"product_cat":[29,30,32,31,33],"product_tag":[97,98,118,94,116,117,93,91],"class_list":{"0":"post-109","1":"product","2":"type-product","3":"status-publish","4":"has-post-thumbnail","6":"product_brand-adesivitastiera","7":"product_brand-stickerslab-ghirardi","8":"product_cat-adesivi-apple-macbook","9":"product_cat-home","10":"product_cat-kit-speciali","11":"product_cat-protezione-tastiera-in-silicone-con-senza-lettere","12":"product_cat-protezione-tastiere","13":"product_tag-apple","14":"product_tag-macbook","15":"product_tag-notebook","16":"product_tag-pc","17":"product_tag-pellicola","18":"product_tag-protezione","19":"product_tag-tasti","20":"product_tag-tastiera","22":"first","23":"instock","24":"shipping-taxable","25":"purchasable","26":"product-type-simple"},"yoast_head":"<!-- This site is optimized with the Yoast SEO plugin v25.3 - https:\/\/yoast.com\/wordpress\/plugins\/seo\/ -->\n<title>Pellicola Protettiva Tastiera MacBook Pro Touch Bar in Silicone - Adesivi Tastiera<\/title>\n<meta name=\"description\" content=\"Pellicola protettiva in silicone trasparente per tastiera MacBook Pro 13&quot; e 15&quot; con Touch Bar. Protegge da polvere, liquidi e graffi.\" \/>\n<meta name=\"robots\" content=\"index, follow, max-snippet:-1, max-image-preview:large, max-video-preview:-1\" \/>\n<link rel=\"canonical\" href=\"https:\/\/adesivi-tastiera.matehub.it\/index.php\/prodotto\/pellicola-protettiva-tastiera-macbook-pro-touch-bar-in-silicone\/\" \/>\n<meta property=\"og:locale\" content=\"it_IT\" \/>\n<meta property=\"og:type\" content=\"article\" \/>\n<meta property=\"og:title\" content=\"Pellicola Protettiva Tastiera MacBook Pro Touch Bar in Silicone - Adesivi Tastiera\" \/>\n<meta property=\"og:description\" content=\"Pellicola protettiva in silicone trasparente per tastiera MacBook Pro 13&quot; e 15&quot; con Touch Bar. Protegge da polvere, liquidi e graffi.\" \/>\n<meta property=\"og:url\" content=\"https:\/\/adesivi-tastiera.matehub.it\/index.php\/prodotto\/pellicola-protettiva-tastiera-macbook-pro-touch-bar-in-silicone\/\" \/>\n<meta property=\"og:site_name\" content=\"Adesivi Tastiera\" \/>\n<meta property=\"article:publisher\" content=\"https:\/\/www.facebook.com\/StickersLabSrl\" \/>\n<meta property=\"article:modified_time\" content=\"2025-05-28T07:38:15+00:00\" \/>\n<meta property=\"og:image\" content=\"https:\/\/adesivi-tastiera.matehub.it\/wp-content\/uploads\/2025\/05\/prin.jpg\" \/>\n\t<meta property=\"og:image:width\" content=\"1000\" \/>\n\t<meta property=\"og:image:height\" content=\"1000\" \/>\n\t<meta property=\"og:image:type\" content=\"image\/jpeg\" \/>\n<meta name=\"twitter:card\" content=\"summary_large_image\" \/>\n<meta name=\"twitter:label1\" content=\"Tempo di lettura stimato\" \/>\n\t<meta name=\"twitter:data1\" content=\"2 minuti\" \/>\n<script type=\"application\/ld+json\" class=\"yoast-schema-graph\">{\"@context\":\"https:\/\/schema.org\",\"@graph\":[{\"@type\":\"WebPage\",\"@id\":\"https:\/\/adesivi-tastiera.matehub.it\/index.php\/prodotto\/pellicola-protettiva-tastiera-macbook-pro-touch-bar-in-silicone\/\",\"url\":\"https:\/\/adesivi-tastiera.matehub.it\/index.php\/prodotto\/pellicola-protettiva-tastiera-macbook-pro-touch-bar-in-silicone\/\",\"name\":\"Pellicola Protettiva Tastiera MacBook Pro Touch Bar in Silicone - Adesivi Tastiera\",\"isPartOf\":{\"@id\":\"https:\/\/adesivi-tastiera.matehub.it\/#website\"},\"primaryImageOfPage\":{\"@id\":\"https:\/\/adesivi-tastiera.matehub.it\/index.php\/prodotto\/pellicola-protettiva-tastiera-macbook-pro-touch-bar-in-silicone\/#primaryimage\"},\"image\":{\"@id\":\"https:\/\/adesivi-tastiera.matehub.it\/index.php\/prodotto\/pellicola-protettiva-tastiera-macbook-pro-touch-bar-in-silicone\/#primaryimage\"},\"thumbnailUrl\":\"https:\/\/adesivi-tastiera.matehub.it\/wp-content\/uploads\/2025\/05\/prin.jpg\",\"datePublished\":\"2025-05-14T09:32:06+00:00\",\"dateModified\":\"2025-05-28T07:38:15+00:00\",\"description\":\"Pellicola protettiva in silicone trasparente per tastiera MacBook Pro 13\\\" e 15\\\" con Touch Bar. Protegge da polvere, liquidi e graffi.\",\"breadcrumb\":{\"@id\":\"https:\/\/adesivi-tastiera.matehub.it\/index.php\/prodotto\/pellicola-protettiva-tastiera-macbook-pro-touch-bar-in-silicone\/#breadcrumb\"},\"inLanguage\":\"it-IT\",\"potentialAction\":[{\"@type\":\"ReadAction\",\"target\":[\"https:\/\/adesivi-tastiera.matehub.it\/index.php\/prodotto\/pellicola-protettiva-tastiera-macbook-pro-touch-bar-in-silicone\/\"]}]},{\"@type\":\"ImageObject\",\"inLanguage\":\"it-IT\",\"@id\":\"https:\/\/adesivi-tastiera.matehub.it\/index.php\/prodotto\/pellicola-protettiva-tastiera-macbook-pro-touch-bar-in-silicone\/#primaryimage\",\"url\":\"https:\/\/adesivi-tastiera.matehub.it\/wp-content\/uploads\/2025\/05\/prin.jpg\",\"contentUrl\":\"https:\/\/adesivi-tastiera.matehub.it\/wp-content\/uploads\/2025\/05\/prin.jpg\",\"width\":1000,\"height\":1000},{\"@type\":\"BreadcrumbList\",\"@id\":\"https:\/\/adesivi-tastiera.matehub.it\/index.php\/prodotto\/pellicola-protettiva-tastiera-macbook-pro-touch-bar-in-silicone\/#breadcrumb\",\"itemListElement\":[{\"@type\":\"ListItem\",\"position\":1,\"name\":\"Home\",\"item\":\"https:\/\/adesivi-tastiera.matehub.it\/\"},{\"@type\":\"ListItem\",\"position\":2,\"name\":\"Shop\",\"item\":\"https:\/\/adesivi-tastiera.matehub.it\/index.php\/shop\/\"},{\"@type\":\"ListItem\",\"position\":3,\"name\":\"Pellicola Protettiva Tastiera MacBook Pro Touch Bar in Silicone\"}]},{\"@type\":\"WebSite\",\"@id\":\"https:\/\/adesivi-tastiera.matehub.it\/#website\",\"url\":\"https:\/\/adesivi-tastiera.matehub.it\/\",\"name\":\"AdesiviTastiera\",\"description\":\"\",\"publisher\":{\"@id\":\"https:\/\/adesivi-tastiera.matehub.it\/#organization\"},\"potentialAction\":[{\"@type\":\"SearchAction\",\"target\":{\"@type\":\"EntryPoint\",\"urlTemplate\":\"https:\/\/adesivi-tastiera.matehub.it\/?s={search_term_string}\"},\"query-input\":{\"@type\":\"PropertyValueSpecification\",\"valueRequired\":true,\"valueName\":\"search_term_string\"}}],\"inLanguage\":\"it-IT\"},{\"@type\":\"Organization\",\"@id\":\"https:\/\/adesivi-tastiera.matehub.it\/#organization\",\"name\":\"AdesiviTastiera\",\"url\":\"https:\/\/adesivi-tastiera.matehub.it\/\",\"logo\":{\"@type\":\"ImageObject\",\"inLanguage\":\"it-IT\",\"@id\":\"https:\/\/adesivi-tastiera.matehub.it\/#\/schema\/logo\/image\/\",\"url\":\"https:\/\/adesivi-tastiera.matehub.it\/wp-content\/uploads\/2025\/05\/Adesivi-Tastiera-TM.png\",\"contentUrl\":\"https:\/\/adesivi-tastiera.matehub.it\/wp-content\/uploads\/2025\/05\/Adesivi-Tastiera-TM.png\",\"width\":2000,\"height\":543,\"caption\":\"AdesiviTastiera\"},\"image\":{\"@id\":\"https:\/\/adesivi-tastiera.matehub.it\/#\/schema\/logo\/image\/\"},\"sameAs\":[\"https:\/\/www.facebook.com\/StickersLabSrl\",\"https:\/\/www.instagram.com\/stickerslab_srl\",\"https:\/\/www.youtube.com\/c\/stickerslab\",\"https:\/\/www.linkedin.com\/company\/stickerslab-srl\"]}]}<\/script>\n<!-- \/ Yoast SEO plugin. -->","yoast_head_json":{"title":"Pellicola Protettiva Tastiera MacBook Pro Touch Bar in Silicone - Adesivi Tastiera","description":"Pellicola protettiva in silicone trasparente per tastiera MacBook Pro 13\" e 15\" con Touch Bar. Protegge da polvere, liquidi e graffi.","robots":{"index":"index","follow":"follow","max-snippet":"max-snippet:-1","max-image-preview":"max-image-preview:large","max-video-preview":"max-video-preview:-1"},"canonical":"https:\/\/adesivi-tastiera.matehub.it\/index.php\/prodotto\/pellicola-protettiva-tastiera-macbook-pro-touch-bar-in-silicone\/","og_locale":"it_IT","og_type":"article","og_title":"Pellicola Protettiva Tastiera MacBook Pro Touch Bar in Silicone - Adesivi Tastiera","og_description":"Pellicola protettiva in silicone trasparente per tastiera MacBook Pro 13\" e 15\" con Touch Bar. Protegge da polvere, liquidi e graffi.","og_url":"https:\/\/adesivi-tastiera.matehub.it\/index.php\/prodotto\/pellicola-protettiva-tastiera-macbook-pro-touch-bar-in-silicone\/","og_site_name":"Adesivi Tastiera","article_publisher":"https:\/\/www.facebook.com\/StickersLabSrl","article_modified_time":"2025-05-28T07:38:15+00:00","og_image":[{"width":1000,"height":1000,"url":"https:\/\/adesivi-tastiera.matehub.it\/wp-content\/uploads\/2025\/05\/prin.jpg","type":"image\/jpeg"}],"twitter_card":"summary_large_image","twitter_misc":{"Tempo di lettura stimato":"2 minuti"},"schema":{"@context":"https:\/\/schema.org","@graph":[{"@type":"WebPage","@id":"https:\/\/adesivi-tastiera.matehub.it\/index.php\/prodotto\/pellicola-protettiva-tastiera-macbook-pro-touch-bar-in-silicone\/","url":"https:\/\/adesivi-tastiera.matehub.it\/index.php\/prodotto\/pellicola-protettiva-tastiera-macbook-pro-touch-bar-in-silicone\/","name":"Pellicola Protettiva Tastiera MacBook Pro Touch Bar in Silicone - Adesivi Tastiera","isPartOf":{"@id":"https:\/\/adesivi-tastiera.matehub.it\/#website"},"primaryImageOfPage":{"@id":"https:\/\/adesivi-tastiera.matehub.it\/index.php\/prodotto\/pellicola-protettiva-tastiera-macbook-pro-touch-bar-in-silicone\/#primaryimage"},"image":{"@id":"https:\/\/adesivi-tastiera.matehub.it\/index.php\/prodotto\/pellicola-protettiva-tastiera-macbook-pro-touch-bar-in-silicone\/#primaryimage"},"thumbnailUrl":"https:\/\/adesivi-tastiera.matehub.it\/wp-content\/uploads\/2025\/05\/prin.jpg","datePublished":"2025-05-14T09:32:06+00:00","dateModified":"2025-05-28T07:38:15+00:00","description":"Pellicola protettiva in silicone trasparente per tastiera MacBook Pro 13\" e 15\" con Touch Bar. Protegge da polvere, liquidi e graffi.","breadcrumb":{"@id":"https:\/\/adesivi-tastiera.matehub.it\/index.php\/prodotto\/pellicola-protettiva-tastiera-macbook-pro-touch-bar-in-silicone\/#breadcrumb"},"inLanguage":"it-IT","potentialAction":[{"@type":"ReadAction","target":["https:\/\/adesivi-tastiera.matehub.it\/index.php\/prodotto\/pellicola-protettiva-tastiera-macbook-pro-touch-bar-in-silicone\/"]}]},{"@type":"ImageObject","inLanguage":"it-IT","@id":"https:\/\/adesivi-tastiera.matehub.it\/index.php\/prodotto\/pellicola-protettiva-tastiera-macbook-pro-touch-bar-in-silicone\/#primaryimage","url":"https:\/\/adesivi-tastiera.matehub.it\/wp-content\/uploads\/2025\/05\/prin.jpg","contentUrl":"https:\/\/adesivi-tastiera.matehub.it\/wp-content\/uploads\/2025\/05\/prin.jpg","width":1000,"height":1000},{"@type":"BreadcrumbList","@id":"https:\/\/adesivi-tastiera.matehub.it\/index.php\/prodotto\/pellicola-protettiva-tastiera-macbook-pro-touch-bar-in-silicone\/#breadcrumb","itemListElement":[{"@type":"ListItem","position":1,"name":"Home","item":"https:\/\/adesivi-tastiera.matehub.it\/"},{"@type":"ListItem","position":2,"name":"Shop","item":"https:\/\/adesivi-tastiera.matehub.it\/index.php\/shop\/"},{"@type":"ListItem","position":3,"name":"Pellicola Protettiva Tastiera MacBook Pro Touch Bar in Silicone"}]},{"@type":"WebSite","@id":"https:\/\/adesivi-tastiera.matehub.it\/#website","url":"https:\/\/adesivi-tastiera.matehub.it\/","name":"AdesiviTastiera","description":"","publisher":{"@id":"https:\/\/adesivi-tastiera.matehub.it\/#organization"},"potentialAction":[{"@type":"SearchAction","target":{"@type":"EntryPoint","urlTemplate":"https:\/\/adesivi-tastiera.matehub.it\/?s={search_term_string}"},"query-input":{"@type":"PropertyValueSpecification","valueRequired":true,"valueName":"search_term_string"}}],"inLanguage":"it-IT"},{"@type":"Organization","@id":"https:\/\/adesivi-tastiera.matehub.it\/#organization","name":"AdesiviTastiera","url":"https:\/\/adesivi-tastiera.matehub.it\/","logo":{"@type":"ImageObject","inLanguage":"it-IT","@id":"https:\/\/adesivi-tastiera.matehub.it\/#\/schema\/logo\/image\/","url":"https:\/\/adesivi-tastiera.matehub.it\/wp-content\/uploads\/2025\/05\/Adesivi-Tastiera-TM.png","contentUrl":"https:\/\/adesivi-tastiera.matehub.it\/wp-content\/uploads\/2025\/05\/Adesivi-Tastiera-TM.png","width":2000,"height":543,"caption":"AdesiviTastiera"},"image":{"@id":"https:\/\/adesivi-tastiera.matehub.it\/#\/schema\/logo\/image\/"},"sameAs":["https:\/\/www.facebook.com\/StickersLabSrl","https:\/\/www.instagram.com\/stickerslab_srl","https:\/\/www.youtube.com\/c\/stickerslab","https:\/\/www.linkedin.com\/company\/stickerslab-srl"]}]}},"_links":{"self":[{"href":"https:\/\/adesivi-tastiera.matehub.it\/index.php\/wp-json\/wp\/v2\/product\/109","targetHints":{"allow":["GET"]}}],"collection":[{"href":"https:\/\/adesivi-tastiera.matehub.it\/index.php\/wp-json\/wp\/v2\/product"}],"about":[{"href":"https:\/\/adesivi-tastiera.matehub.it\/index.php\/wp-json\/wp\/v2\/types\/product"}],"replies":[{"embeddable":true,"href":"https:\/\/adesivi-tastiera.matehub.it\/index.php\/wp-json\/wp\/v2\/comments?post=109"}],"version-history":[{"count":1,"href":"https:\/\/adesivi-tastiera.matehub.it\/index.php\/wp-json\/wp\/v2\/product\/109\/revisions"}],"predecessor-version":[{"id":506,"href":"https:\/\/adesivi-tastiera.matehub.it\/index.php\/wp-json\/wp\/v2\/product\/109\/revisions\/506"}],"wp:featuredmedia":[{"embeddable":true,"href":"https:\/\/adesivi-tastiera.matehub.it\/index.php\/wp-json\/wp\/v2\/media\/110"}],"wp:attachment":[{"href":"https:\/\/adesivi-tastiera.matehub.it\/index.php\/wp-json\/wp\/v2\/media?parent=109"}],"wp:term":[{"taxonomy":"product_brand","embeddable":true,"href":"https:\/\/adesivi-tastiera.matehub.it\/index.php\/wp-json\/wp\/v2\/product_brand?post=109"},{"taxonomy":"product_cat","embeddable":true,"href":"https:\/\/adesivi-tastiera.matehub.it\/index.php\/wp-json\/wp\/v2\/product_cat?post=109"},{"taxonomy":"product_tag","embeddable":true,"href":"https:\/\/adesivi-tastiera.matehub.it\/index.php\/wp-json\/wp\/v2\/product_tag?post=109"}],"curies":[{"name":"wp","href":"https:\/\/api.w.org\/{rel}","templated":true}]}}